 (3/2)/((-6)/v). What is the greatest common factor of z and 10?
10
Let n be (-4)/(-18) - (-490)/(-18). Let l be (8/3)/((-6)/n). Suppose -4*h + 53 + 7 = -4*f, 87 = 5*h - f. What is the greatest common factor of l and h?
6
Suppose 3*x = 8*x + 5. Let s be x/(2/(-30)) + -2. Calculate the greatest common divisor of 52 and s.
13
Suppose 65 = 2*x - 1. Let j = 15 - 3. Let h be j/10*10/4. Calculate the greatest common factor of x and h.
3
Let z(s) = -s**3 - 4*s**2 - s + 3. Let q be z(-4). Suppose 2*k + 1 = 3. What is the greatest common factor of q and k?
1
Let s(f) = -f**3 - 6*f**2 + 4. Let y be s(-6). Calculate the highest common factor of 36 and y.
4
Let g(c) = c**3 + c**2 - c - 144. Let m be g(0). Let v = -56 - m. What is the greatest common factor of v and 11?
11
Let q be (-7)/(-14) + 18/4. Let c(x) = x + 3. Let r(m) = m + 4. Let p(s) = q*r(s) - 8*c(s). Let t be p(-4). What is the greatest common divisor of t and 12?
4
Suppose 4*p = 3*u - 0*p - 70, 5*p = 4*u - 94. Calculate the greatest common factor of 39 and u.
13
Let c = -8 + 19. Let k be 664/12 - (-2)/(-6). Calculate the highest common divisor of c and k.
11
Let i = 25 + 56. What is the greatest common factor of i and 54?
27
Let n be 0 - (-1)/(2/6). Let u be 6/(-4)*4/n. Let z be -1 + (-2)/u*5. What is the greatest common divisor of 28 and z?
4
Let c = 138 - 14. Calculate the highest common factor of 31 and c.
31
Let o(p) = p**3 - 4*p**2 - 9*p + 4. Let y be o(6). Suppose t + m = -2*m + 67, 0 = -4*m + 16. Calculate the greatest common factor of t and y.
11
Let d(i) = -i**2 - 6*i + 5. Let v be d(-6). What is the greatest common divisor of v and 10?
5
Let n(f) = f**3 + 13*f**2 - 16*f + 20. Let b be n(-14). Calculate the highest common factor of b and 36.
12
Suppose k = 2*k - 5*y - 8, -40 = -5*k + 5*y. Let l = k + -5. Suppose -f - 296 = -298. Calculate the highest common factor of l and f.
1
Suppose -x + 2 = 0, -3*f + 4 = -2*f - 3*x. What is the greatest common divisor of 2 and f?
2
Let m(a) = 2*a**2 - a + 3. Suppose -2*t + 4 = 3*w, 0 = 2*t + 5*w - 3*w. Let o be m(t). Suppose 0 = 3*v - 9 - o. What is the highest common divisor of 24 and v?
8
Suppose -19 - 33 = 2*j. Let f = j + 42. Calculate the greatest common factor of 8 and f.
8
Let x be 13 - ((-16)/4 - -1). What is the greatest common factor of x and 2?
2
Suppose -2*c - 616 = -4*r, -6*r - c + 154 = -5*r. What is the greatest common factor of r and 14?
14
Suppose 2*l - 8 = -0*l. Suppose 19 = -l*q + 75. What is the greatest common divisor of 2 and q?
2
Let l be (40/(-5))/(-24) + 16/6. What is the highest common factor of l and 6?
3
Suppose 4*t + 4 = -k, -4*k - 16 = 3*t + 2*t. Let b be (-2 - 1)*(k - 9). What is the greatest common factor of 26 and b?
13
Let m = -6 - -9. Let w be ((-1)/m*-3)/1. Let c be (5/(3 + -2))/w. Calculate the greatest common factor of c and 15.
5
Let k(d) = -2*d**2 + 8*d - 5. Let p be k(2). Calculate the greatest common factor of 1 and p.
1
Suppose -5*b - 7536 = -53136. Let l be b/39 - (-10)/65. Suppose -5*g = -g - 104. What is the greatest common divisor of g and l?
26
Suppose l - 192 = -l. Let w = 43 + -31. Calculate the greatest common factor of w and l.
12
Let v = -85 + 95. Calculate the highest common factor of v and 2.
2
Let c = 47 - 27. Suppose -c = -o - p, -5*o - p + 92 = -0*p. Calculate the greatest common factor of 27 and o.
9
Let g = -10 + 64. What is the greatest common factor of 6 and g?
6
Let w(l) = 101*l + 6. Let m be w(7). Suppose 5*s - m + 118 = 0. Calculate the highest common divisor of s and 17.
17
Let p(w) = -w + 20. Let d be p(0). Calculate the highest common divisor of d and 160.
20
Let z = -42 - -58. Calculate the highest common factor of z and 112.
16
Let y be 30 - 9/3 - -3. Let f(r) = r**3 + 6*r**2 + 4*r + 4. Let c be f(-6). Let u = 40 + c. Calculate the highest common divisor of y and u.
10
Let m = 4 + -11. Let y be 2/m + 37/7. What is the greatest common divisor of y and 25?
5
Suppose r + 3*m = -14, 4*m = 5*r + 2*m - 15. Let i = -14 + r. Let u be (2 + (0 - 6))*i. Calculate the greatest common factor of 13 and u.
13
Suppose -4*c = -c + 5*v + 13, -20 = 4*v. What is the highest common divisor of 4 and c?
4
Let p be (972/30)/((-3)/(-10)). Let b = p + -76. Calculate the greatest common factor of 8 and b.
8
Suppose 0*f = f - 6. Let z(x) = -x**2 - 6*x + 6. Let n be z(-6). Suppose -5*c + 21 = n. Calculate the greatest common divisor of c and f.
3
Suppose -4*c + 2 + 2 = 0. Suppose 4*s + c = -7, 0 = 2*g + 3*s. Suppose -2*d + 2 = -g*d, 4*h = -5*d + 94. What is the greatest common factor of h and 13?
13
Suppose -m - 190 = -3*y + 4*m, 0 = 3*m - 3. Suppose -4*x + 5*v + y = 0, -x + 0*x - v = -5. What is the greatest common factor of 5 and x?
5
Let s be (-45)/6*(-18)/15. Calculate the greatest common factor of s and 99.
9
Let l be (-15)/2*(0 - 4). Suppose 5*v = 2*v + 30. Suppose -7*h + 6*h = -v. What is the greatest common divisor of h and l?
10
Let m(t) = 3*t**2 + 2*t - 5. Let k be m(-4). Let h = -35 + 49. What is the highest common divisor of h and k?
7
Let r be (-2 - -14) + (-2)/(-2). Let k be -10*(39/2)/(-3). What is the greatest common divisor of r and k?
13
Let x be (-1512)/96*(-16)/3. What is the greatest common divisor of 12 and x?
12
Let f(h) = 14*h - 2. Let y be f(1). Calculate the highest common factor of y and 228.
12
Let l = 19 + -15. What is the greatest common divisor of 2 and l?
2
Let g = 16 - 7. Let j = -35 + 44. Calculate the greatest common divisor of g and j.
9
Let b(u) = -u - 20. Let m(o) = -o**2 + 8*o - 7. Let s be m(7). Let d be b(s). Let x be d/(-3) + (-2)/(-6). Calculate the highest common divisor of 7 and x.
7
Let w be 3/6 + (-71)/(-2). Let v be w/5*(-10)/(-3). Suppose 0 = -4*x - 0*x + v. Calculate the greatest common divisor of 3 and x.
3
Let i be (1/(-3)*-20)/((-1)/(-3)). Calculate the greatest common divisor of i and 80.
20
Let u(r) = -2*r - 5. Let x be u(-9). Suppose -x = -5*q - 3*n, -5*n + n = -3*q + 2. Let g be (3 - -15) + (0 - q). What is the highest common factor of 24 and g?
8
Let r = 22 - 11. Calculate the highest common factor of 352 and r.
11
Let m = 62 + -18. Let b = 62 - m. What is the greatest common factor of b and 18?
18
Let q = 24 - 12. What is the highest common factor of q and 132?
12
Let c be 18/(-4)*4/(-3). Let r = -56 - -93. Let q = 55 - r. Calculate the greatest common divisor of c and q.
6
Suppose -3*p - 2*o = -0*p - 734, 3*o = -2*p + 496. Let g be (1 - -1) + (16 - -4). What is the greatest common divisor of p and g?
22
Suppose 5*m + 11 = 176. Calculate the highest common divisor of m and 363.
33
Let v = -28 - 1. Let t = 42 + v. Suppose 0 = 7*r + 42 - 406. Calculate the greatest common divisor of r and t.
13
Let n(c) be the first derivative of -c**4/4 + 8*c**3/3 - 3*c**2 + 3*c - 3. Let q be n(7). Calculate the highest common factor of q and 110.
10
Let y be 2768/48 - (2 + 7/(-3)). Calculate the highest common factor of y and 116.
58
Suppose 0 = -p + 5*p. Suppose j - 4*j + 81 = 0. Let i = j - p. Calculate the highest common divisor of i and 18.
9
Suppose 5*r = w + 246, -4*r - r = -4*w - 234. What is the greatest common factor of r and 75?
25
Suppose -5*f = -151 - 4. Let w be 2/5 + (-618)/(-5). Calculate the highest common divisor of w and f.
31
Suppose 1 = -3*l + 55. Calculate the highest common factor of l and 2.
2
Suppose 4*d - 6 = d, 0 = -2*u - 4*d + 24. What is the highest common divisor of u and 88?
8
Let r(d) = -3*d. Let s be r(6). Let a = 30 + s. Calculate the highest common divisor of a and 18.
6
Let j be 28 - 1 - (-12)/4. Let n = j + -2. What is the greatest common divisor of 7 and n?
7
Let h = -62 - -66. What is the greatest common divisor of 2 and h?
2
Suppose -4*j = 4*w + w - 80, 5*j = w + 129. Suppose 9*z - 6*z - 15 = 0. What is the greatest common factor of z and j?
5
Suppose 104 = 19*r - 15*r. What is the greatest common factor of 104 and r?
26
Suppose 159 - 1237 = -7*w. Let n = 29 - 7. What is the greatest common divisor of w and n?
22
Let f be 2/5*(85 - 10). What is the highest common divisor of f and 20?
10
Let d(r) = 0*r**2 + 5 + 35*r**2 - 4. Let q be d(-1). Suppose 0 = -5*a + 6*a - 12. What is the greatest common divisor of a and q?
12
Suppose 3*b - 34 = -0*s + s, -3*b - 4*s + 44 = 0. What is the greatest common factor of b and 3?
3
Suppose